o + 20 = o. Suppose -2*q = -o*q - 16. Let n = 9 + q. Let m(j) = 4*j**3 - 2*j + 1. Determine m(n).
3
Let w(p) be the first derivative of -p**3/3 - 17*p**2/2 - 14*p - 21. What is w(-16)?
2
Let t(y) = -y**3 - 6*y**2 - 8. Suppose 12 = 3*p - 5*p. What is t(p)?
-8
Suppose -6 = 5*s - 31. Suppose s*z - 75 = -30. Suppose -5*i - z = 4*i. Let t(x) = 5*x**2 - 2*x - 1. Determine t(i).
6
Let f(q) = -q**3 - q. Let t(n) = -n**2 - 24*n - 143. Let j be t(-11). Determine f(j).
0
Let g(l) = 3 + 572*l + 19*l**2 - 4 - 570*l. Determine g(1).
20
Let s(r) = -5*r**2 - 6*r**2 + 4*r**2 + 2*r - 1. Suppose -4*g = -6*g + 8. Suppose -i + g = 3*i. Calculate s(i).
-6
Let l = -1114 + 1114. Let v(c) = -3*c + 18. Determine v(l).
18
Let x = 160 - 157. Let n(d) be the third derivative of 0*d - 7*d**2 + 1/8*d**4 + 0*d**x + 0 + 1/30*d**5. Calculate n(-3).
9
Let n(f) be the third derivative of 0 - 1/2*f**3 + 16*f**2 - 1/60*f**5 - 1/6*f**4 + 0*f. Give n(-2).
1
Let o = -299 - -294. Let m(l) = l**3 + 6*l**2 + 6*l - 4. Determine m(o).
-9
Let s(m) = -m**3 - 16*m**2 - 16*m - 9. Let r be (-47)/94*(-60)/(-2). Give s(r).
6
Let z(x) = 6*x - 10. Let k(w) = w. Let t(n) = -5*k(n) + z(n). Suppose -3*m + 80 = m + 4*i, 0 = -3*m - 5*i + 60. Let b = m - 20. Determine t(b).
-10
Suppose 6*v - 188 = -182. Let w(l) = -15*l - 1. What is w(v)?
-16
Let c be 6/4*(-3)/(-18)*-4. Let j(u) = -7*u**3 - u**2. Suppose -d - 2 = -3. Let i(k) = k**3 - k - 1. Let r(x) = d*i(x) + j(x). What is r(c)?
5
Let g(q) = q**2 + 5*q - 5. Suppose -2*b + 5*b - r = -16, -5*r = -3*b - 32. Give g(b).
-9
Suppose -3*v + 48 = -3*a - 0*v, -a = 3*v + 24. Let n = 13 + a. Let h(s) = s**3 + 6*s**2 + 8*s + 7. Determine h(n).
-8
Suppose r - 2*o + 30 = 3*r, -3*r = 4*o - 50. Suppose r*u - 21 = 3*u. Let z(h) = -h**2 + 4*h - 1. What is z(u)?
2
Let g(k) = -k + 13. Let i(a) = 3*a - 22. Let v(c) = 5*g(c) + 2*i(c). Determine v(-19).
2
Suppose 2*h + 4*g - 3*g = 16, 2*g = 3*h - 31. Let x(v) = -h*v - 23*v + 8*v. Give x(1).
-24
Let d(p) be the third derivative of -p**5/60 - p**4/4 + 7*p**3/3 + 111*p**2. Determine d(-8).
-2
Let y(j) = 6*j**3 - j**2 + j - 1. Let p be ((-3)/(-30)*-4)/((-12)/30). Determine y(p).
5
Let t(p) = -p**3 - 8*p**2 + p + 6. Let f be t(-8). Let v(j) = -5*j + 1. Determine v(f).
11
Let p(y) = 9*y**3 - 2*y**2 - 2*y - 1. Suppose 0 = 4*a - 100 - 28. Let o = 10 - a. Let u = 21 + o. Calculate p(u).
-10
Suppose -12 - 3 = 4*c + 5*t, -c = 5*t + 15. Let x(h) be the third derivative of -1/24*h**4 + 0*h + 10*h**2 + 2*h**3 + c. Calculate x(7).
5
Suppose 0 = -4*o - t - 5, -o + 0*o = t + 5. Let j(a) = -a**3 + a**2 + a + 43. Determine j(o).
43
Let y(b) = -2*b - 9 + 13*b - 6*b + 22. Determine y(-4).
-7
Let w be (-33)/12 + (-9)/(-12). Let h(l) = 2*l**2 - l - 3. Let v be h(w). Let o(q) be the second derivative of q**4/12 - 4*q**3/3 + q**2 + q. What is o(v)?
-5
Let x(q) = -2*q - 17. Let t be x(-12). Let k(y) = 9 + t*y - 6 - 6 + 2. What is k(-2)?
-15
Suppose 2*v - 4 = -n - 0*n, 0 = v + 4. Suppose 0 = -2*f - 2*f + n. Let p(y) = -6*y**3 + y + y**3 + f*y**2 + 4*y**3 - 2*y**2. Give p(-2).
10
Let i(q) = -5 - 194*q**3 + 201*q**3 + 7 - q. Give i(-2).
-52
Let j(y) = -5 - 7*y + 3 + 6*y - 12*y. Calculate j(-1).
11
Let v(b) = -1311 + 655 - 8*b + 657. Calculate v(0).
1
Let b(m) = -m**2 - 4*m. Suppose 2*p = -s, 8 + 4 = -5*s + 2*p. Let u be ((-12)/30)/(s/30). Let t be (6 - u) + (-1 - 2). Determine b(t).
3
Let s be ((-168)/(-27))/1 + 82/(-369). Let b(l) = -l + 16. Calculate b(s).
10
Let a(y) be the first derivative of y**4/4 - 5*y**3/3 + 2*y**2 - 2*y + 7. What is a(4)?
-2
Suppose 0 = -56*g + 487 + 73. Let k(w) = 2*w - 22. Calculate k(g).
-2
Let k be 16/(-3) + 4/(-6). Let o(p) = -2*p - 27. Let r(b) be the first derivative of b**2/2 + 18*b + 2. Let m(l) = 5*o(l) + 7*r(l). Give m(k).
9
Let j(k) = 28*k + 11. Let a(g) = -5*g - 2. Let q(o) = -11*a(o) - 2*j(o). Calculate q(6).
-6
Let h be 6/(-4)*8/(-6). Let s(l) be the third derivative of -1/24*l**4 + 1/6*l**3 - 17*l**2 + 1/15*l**5 + 0*l + 0 - 1/120*l**6. What is s(h)?
7
Suppose -5*j - 6*f = -9*f + 49, -3*j - 33 = -3*f. Let o(v) = -v - 8. What is o(j)?
0
Let n(m) = 3*m**2 - 6*m + 12. Let j(p) = -p**2 - 1. Let t(h) = 4*j(h) + n(h). Let c be -7 + (1 - (1 - 0)). What is t(c)?
1
Let x(y) be the third derivative of y**5/6 - y**4/24 - y**2 + 3*y. What is x(-1)?
11
Let j(c) be the third derivative of 0*c + 7*c**2 + 0*c**3 + 0 + 1/30*c**5 - 1/12*c**4. Determine j(-2).
12
Let m(x) = -3*x - 1. Let s(w) = w**2 - 9*w + 4. Let a be s(9). Let d(l) = -10 - a*l + 3 + 11*l - l**2. Let i be d(5). Calculate m(i).
-10
Let d(u) be the second derivative of -u - 9/2*u**2 + 0 + 1/3*u**3. Let w = 71 + -64. Determine d(w).
5
Let c(n) = -n**3 - n - 3. Suppose 2*z - 40 = -2*z. Suppose -20*f = -7*f + 182. Let q be (-4)/f + z/(-35). Give c(q).
-3
Let a(u) = 1 - 36*u**2 + 80*u**2 - 2*u - 35*u**2. Determine a(1).
8
Let s(v) = -v**3 + 19*v**2 - 11*v + 22. Let x(d) = -d**3 + 18*d**2 - 12*d + 21. Let q(i) = 3*s(i) - 4*x(i). Calculate q(14).
-4
Let s(o) = -6*o - 16. Let n be s(-4). Let w(i) = -3*i + 18. Let t(j) = -6*j + 37. Let y(x) = -6*t(x) + 13*w(x). Calculate y(n).
-12
Let j be ((-6)/(-4) + 0)*2. Let q be 8/(0 - 4) + 3. Let n(w) = -w**2 + w - 3. Let f(c) = -c**2. Let t(d) = q*n(d) - 2*f(d). Determine t(j).
9
Let g(n) = -n**3 - 5*n**2 - 3*n + 3. Let l(u) = 12*u**2 - 2*u + 1. Let k be l(1). Suppose -k = 8*m + 13. Determine g(m).
-6
Let n = -9 - -11. Suppose -l - n*l = 18. Let s = l - -5. Let m(h) = -3*h**3 - h**2 - h. What is m(s)?
3
Suppose -114 = -709*q + 671*q. Let b(m) be the third derivative of -m**5/60 + m**4/12 + m**3/6 + m**2. What is b(q)?
-2
Let o(r) = r**3 + 5*r**2 - 5*r - 4. Suppose 130 = 37*y + 352. Give o(y).
-10
Let z(d) = -6*d**3 - 21*d**2 + 14*d + 1. Let t(l) = 10*l**3 + 42*l**2 - 27*l - 2. Let x(r) = -4*t(r) - 7*z(r). What is x(10)?
1
Suppose 8*y - 50 = 30. Suppose -4*k = -6*k + y. Let z(o) = o**3 - 5*o**2 - 3*o + 7. What is z(k)?
-8
Let f(z) be the second derivative of 5*z**4/12 + z**3/2 + 72*z + 2. Give f(-2).
14
Let a(r) = 3*r**3 + 2*r**2 + 12*r - 15. Let x(f) = 4*f**3 - 2*f**2 + 14*f - 16. Let n(j) = -3*a(j) + 2*x(j). Determine n(-9).
4
Let n = -36 - -61. Suppose -n = 5*d - 4*s, 0 = -5*d + 3*s - 4 - 16. Let q(l) = 8*l**3 + l**2 - 1. Give q(d).
-8
Let o(h) = 0*h**3 + 2*h**3 - 3*h**2 + 0*h + h. Let p(c) = -c - 2. Let s be p(-6). Suppose 0 = -z + 3*z - s. What is o(z)?
6
Suppose 0 = 13*f + 40 + 51. Let h(v) = v**2 + 8*v + 4. Determine h(f).
-3
Let u(y) = y**2 + 9*y - 3. Let c(m) be the first derivative of -m**3 + 6 + 7*m - 19/2*m**2. Let t(i) = 2*c(i) + 5*u(i). What is t(6)?
5
Let n = 11 + -11. Suppose n*m = -4*m. Let s(t) = -2 + 3 + 0*t**2 - t**2. What is s(m)?
1
Let m(t) = -17 + 1242*t + 18 - 1247*t. Let r = 3 + 1. Calculate m(r).
-19
Let l = 30 - 55. Let a = -20 - l. Let u(h) = -a*h - h + 3 + 5*h + 1. Determine u(-6).
10
Let u(k) be the second derivative of k**3/3 - k**2/2 - 2*k. Let p(q) = q - 1. Let i(b) = 5*p(b) - 4*u(b). Determine i(-5).
14
Let m(a) be the third derivative of -a**5/60 - a**3/6 + 14*a**2. Let v(g) = 7*g**2 + 3*g + 4. Let d(l) = 2*m(l) + v(l). What is d(-2)?
16
Let i = -236 - -241. Let y(b) be the first derivative of b**4/4 - 5*b**3/3 + b**2/2 - 3*b + 1. Give y(i).
2
Let w = -30 + 38. Let h be 14/w - (-6)/24. Let l(o) = -2*o**h + o**3 - 2*o**3 - 4*o + 8*o**2 - o**2. What is l(4)?
0
Suppose -3*d = d + c + 32, 0 = -5*d - 2*c - 43. Let w(m) = -3*m - 13. Determine w(d).
8
Let f = 547 - 551. Let o(s) = -2*s - 8. Calculate o(f).
0
Let u(o) be the first derivative of -o**4/4 - 5*o**3/3 + o**2 + 6*o - 2. Let g be (-15 - -20 - 0/1)/(-1). Give u(g).
-4
Let k be 12 + 4 + -11 + -8. Let f(d) = -d**2 - 5*d - 4. What is f(k)?
2
Let c(k) = -1071 + 23*k - k**2 + 2089 - 1043. Calculate c(22).
-3
Let t = 21 - 17. Let q be (t - -1)/(-5)*5. Let x(k) = -k**3 - 4*k**2 + 5*k + 4. Calculate x(q).
4
Suppose 205 = 5*l - 20. Let m = -42 + l. Let a(v) = 6 + 0*v - 5*v - 3. What is a(m)?
-12
Let t be (4 + (-144)/21)*42/(-12). Let o(z) = -z**2 + 9*z + 12. What is o(t)?
2
Let n = 55 - 48. Let a(j) = 51*j - 29*j - n - 21*j. Calculate a(10).
3
Let b(w) = w**2 - 7*w + 9. Let u(c) = -3*c**2 + 21*c - 27. Let m(x) = -11*b(x) - 4*u(x). Suppose 2*j - 14 + 0 = 0. Determine m(j).
9
Let v(b) = b**3 + 5*b**2 + 7*b + 6. Let i be -5 + 6/(-8 + 14). Determine v(i).
-